
-95
Let x(s) = s**2 + 41*s + 81. Give x(-39).
3
Let b(r) = 6*r**3 - r**2 + 2*r + 6. Calculate b(-2).
-50
Let j(x) = 98*x + 1185. What is j(-12)?
9
Let l(z) = z**3 - 13*z**2 + 14*z + 1. Give l(11).
-87
Let l(f) = 11*f - 63. Give l(5).
-8
Let k(a) = a + 253. Calculate k(29).
282
Let r(c) = -1367*c - 10965. Calculate r(-8).
-29
Let g(w) = w**2 - 49*w + 394. What is g(10)?
4
Let u(q) = 17*q**2 + 2*q + 6. What is u(3)?
165
Let v(i) = -i**3 - 6*i**2 - 5*i - 48. What is v(-7)?
36
Let t(i) = 3*i**3 + 71*i**2 + 62*i + 388. Give t(-23).
20
Let d(m) = -15*m + 956. Give d(52).
176
Let y(v) = -52*v**2 - 236*v - 122. What is y(-4)?
-10
Let m(h) = -h**3 - 40*h**2 - 32*h + 248. Determine m(-39).
-25
Let p(g) = 6*g**2 + 96*g + 174. Determine p(-14).
6
Let c(d) = d**2 + 34*d + 160. Calculate c(-28).
-8
Let q(l) = 202*l + 2826. What is q(-14)?
-2
Let h(l) = 16*l - 64. Give h(6).
32
Let b(v) = -45*v**2 - 272*v - 9. What is b(-6)?
3
Let b(v) = 2*v**3 + 432*v**2 + 417*v - 2803. What is b(-215)?
-8
Let c(f) = -f**2 - 264*f - 264. What is c(-1)?
-1
Let v(p) = 7*p**2 - 82*p + 814. Give v(9).
643
Let g(a) = a**2 - 51*a + 158. Give g(4).
-30
Let y(w) = -4*w - 414. Calculate y(-23).
-322
Let d(l) = -206*l - 799. Calculate d(-4).
25
Let l(q) = 2*q - 227. Give l(0).
-227
Let i(s) = 17418*s + 69666. Calculate i(-4).
-6
Let a(v) = 6*v**3 + 610*v**2 - 207*v - 283. Calculate a(-102).
23
Let y(c) = 3617*c + 14493. Determine y(-4).
25
Let m(d) = 39*d**2 - 191*d + 21. What is m(5)?
41
Let o(s) = -2*s**3 + 2*s**2 + s - 237. Calculate o(0).
-237
Let v(w) = 12*w**2 + 1713*w - 2160. Give v(-144).
0
Let m(u) = 38*u - 346. What is m(10)?
34
Let u(h) = 109*h - 7408. Calculate u(68).
4
Let q(m) = -4*m**2 + 213*m + 230. Give q(54).
68
Let h(s) = -5*s + 137. What is h(26)?
7
Let q(s) = -25*s - 434. What is q(0)?
-434
Let k(x) = 23*x**2 - x + 7. Calculate k(2).
97
Let d(q) = -11*q + 470. Calculate d(43).
-3
Let v(n) = 7*n**3 - 713*n**2 - 100*n - 207. Determine v(102).
-3
Let b(w) = 4*w**2 + 342*w - 709. Determine b(-88).
171
Let a(x) = 29*x**2 - 118*x + 4. Determine a(3).
-89
Let s(q) = -2*q**2 - 57*q - 163. What is s(-3)?
-10
Let l(h) = h**3 - 4*h**2 - 11*h + 12. What is l(1)?
-2
Let h(n) = 31*n - 135. What is h(5)?
20
Let h(y) = 30*y**3 + 2*y**2 + 2*y + 8. What is h(-2)?
-228
Let x(k) = -110*k - 110. Determine x(-1).
0
Let c(u) = 2*u**3 - 71*u**2 + 35*u + 53. Give c(35).
53
Let a(s) = -3*s**2 - 216*s - 193. What is a(-71)?
20
Let b(l) = -1308*l + 113792. Determine b(87).
-4
Let j(y) = 6*y + 84. Determine j(-19).
-30
Let w(n) = -n**3 + 60*n**2 - 4*n + 460. Calculate w(60).
220
Let z(q) = -q**2 + 193*q - 1991. Calculate z(182).
11
Let l(n) = -1529*n + 38205. Calculate l(25).
-20
Let g(c) = c**2 - 588*c - 7819. What is g(-13)?
-6
Let w(s) = -s**3 - 6*s**2 - 15*s. Give w(-6).
90
Let f(l) = 80*l - 34. Give f(-3).
-274
Let z(y) = 308*y + 20. What is z(-1)?
-288
Let z(d) = -35*d**2 - 176*d. Calculate z(-5).
5
Let z(u) = 78*u - 1070. What is z(14)?
22
Let h(b) = -43*b + 3480. Give h(81).
-3
Let a(i) = -1297*i + 7769. Calculate a(6).
-13
Let x(l) = 2*l**2 - 235*l + 2719. What is x(13)?
2
Let c(k) = 2*k**2 + 43*k - 1710. Calculate c(-42).
12
Let r(b) = -b**3 - 56*b**2 + b + 57. Give r(-56).
1
Let x(k) = -k**3 + 24*k**2 - 12*k - 54. Determine x(23).
199
Let b(n) = n**3 - 22*n**2 + 92*n - 117. Determine b(17).
2
Let t(r) = -3*r**2 - 72*r + 245. Determine t(-27).
2
Let h(g) = -g**2 - 132*g - 1793. What is h(-15)?
-38
Let n(j) = j**3 - 33*j**2 + 57*j + 130. Give n(31).
-25
Let h(y) = 17*y + 1385. Determine h(-82).
-9
Let k(s) = -s**3 + 3*s**2 + 184*s + 491. Calculate k(-3).
-7
Let a(u) = 8*u**2 + 908*u + 427. Calculate a(-113).
-25
Let n(q) = -183*q + 1844. What is n(10)?
14
Let x(v) = v**3 - 54*v**2 + 399*v + 7. Give x(9).
-47
Let a(p) = p**2 + 6*p - 74. Give a(0).
-74
Let z(s) = -214*s - 56. Give z(-2).
372
Let s(f) = 5*f**3 - 45*f**2 + 18*f - 163. Determine s(9).
-1
Let l(k) = -k**2 + 63*k - 1043. Calculate l(33).
-53
Let n(o) = 21*o**3 - 82*o**2 - 163*o. Give n(-2).
-170
Let o(m) = m**2 - 50*m - 185. Give o(52).
-81
Let u(k) = -9*k + 972. What is u(28)?
720
Let u(o) = 30*o + 30. What is u(0)?
30
Let b(p) = p**3 - 37*p**2 - 119*p - 44. What is b(40)?
-4
Let i(s) = 149*s + 2061. Give i(-14).
-25
Let i(q) = -399*q - 2006. Give i(-5).
-11
Let v(g) = -4*g**2 - 110*g + 1062. Calculate v(-35).
12
Let n(l) = 290*l + 2571. What is n(-9)?
-39
Let d(u) = 488*u + 986. What is d(-2)?
10
Let d(y) = -42*y**3 - 6*y**2 - 22*y - 15. Determine d(-1).
43
Let l(o) = 715*o - 4257. Give l(6).
33
Let c(i) = i**3 - 9*i**2 - 66*i - 36. Give c(14).
20
Let o(b) = b**3 - 15*b**2 + 42*b - 2. Give o(4).
-10
Let y(w) = -w**3 - 59*w**2 - 177*w - 555. What is y(-56)?
-51
Let m(j) = j**2 - 518*j + 30587. Calculate m(68).
-13
Let z(i) = i**2 - 49*i - 602. Give z(43).
-860
Let c(z) = -3*z**2 - 3*z - 1. Determine c(1).
-7
Let a(c) = -c**3 - 33*c - 107. What is a(-3)?
19
Let a(d) = 49*d + 918. Determine a(-19).
-13
Let c(u) = 33*u**2 + 235*u + 24. What is c(-7)?
-4
Let i(g) = -38*g - 24. Give i(2).
-100
Let q(x) = x**2 + 26*x - 522. Calculate q(-38).
-66
Let g(t) = 70*t - 505. What is g(14)?
475
Let a(g) = -518*g - 2599. Calculate a(-5).
-9
Let q(a) = 9*a**2 + 178*a - 39. Determine q(-20).
1
Let v(s) = -15902*s - 79516. What is v(-5)?
-6
Let o(c) = 2*c**3 - 150*c**2 + 145*c + 33. Calculate o(74).
-189
Let v(f) = 6*f**2 - 16*f + 4. Give v(4).
36
Let r(p) = -p**3 - 23*p**2 + 48*p - 76. Give r(-25).
-26
Let f(n) = n + 9. Determine f(-3).
6
Let m(q) = -q**3 + 9*q**2 + 7*q - 25. Determine m(10).
-55
Let f(d) = 8*d**2 + 107*d - 16. What is f(-14)?
54
Let w(v) = v**3 + 22*v**2 + 50*v - 77. Calculate w(-20).
-277
Let q(y) = y**2 + 420*y + 7018. Give q(-17).
167
Let d(w) = w**3 - 8*w**2 + 20*w - 288. What is d(9)?
-27
Let n(a) = 2*a**3 + 22*a**2 - 153*a + 37. Give n(-16).
-75
Let p(s) = -43*s**2 + 8*s + 2. Give p(2).
-154
Let j(s) = 7*s**2 - 4*s - 6. What is j(-3)?
69
Let x(u) = u**2 - 1479*u + 5898. Give x(4).
-2
Let c(u) = -3*u**3 + 8*u**2 + 12*u - 30. Give c(3).
-3
Let f(v) = v**3 - 9*v**2 + 7*v + 68. What is f(5)?
3
Let w(d) = 42*d - 680. What is w(7)?
-386
Let u(y) = y**3 + 110*y**2 - 4*y - 440. Determine u(-110).
0
Let i(d) = d**2 + 16*d - 57. What is i(3)?
0
Let c(h) = -h**2 + 28*h - 189. Determine c(18).
-9
Let j(p) = -p**3 + 14*p**2 - 153*p + 2522. Give j(15).
2
Let o(l) = -158*l + 25429. Calculate o(161).
-9
Let q(k) = 3*k**3 - 148*k**2 - 239*k - 819. Determine q(51).
-3
Let p(n) = 12*n - 63. Determine p(8).
33
Let o(z) = -1229*z - 12290. Give o(-10).
0
Let q(z) = 2*z**2 + 17*z - 37. What is q(-9)?
-28
Let q(s) = 4*s**3 - 70*s**2 + 53*s - 519. Calculate q(17).
-196
Let t(l) = 453*l + 3992. Determine t(-9).
-85
Let x(v) = -v**2 + 1224*v - 10939. Determine x(9).
-4
Let l(k) = -100*k - 19. Calculate l(-2).
181
Let w(z) = 5570*z + 5488. Determine w(-1).
-82
Let k(l) = -l**3 - 6*l**2 + 163*l - 6. Calculate k(10).
24
Let k(z) = -16*z**2 + 10*z + 7. What is k(-1)?
-19
Let z(x) = -x**2 + 2*x + 49. Determine z(-7).
-14
Let g(d) = 11*d - 152. Determine g(2).
-130
Let w(g) = -96*g + 1259. Determine w(13).
11
Let s(k) = 10*k**2 - 213*k. What is s(21)?
-63
Let j(b) = 27*b**3 - 4*b**2 + 7*b + 24. Calculate j(-2).
-222
Let q(o) = -59*o + 1978. Give q(34).
-28
Let u(d) = -d**3 + 7*d**2 + 36*d + 18. Determine u(11).
-70
Let n(z) = -z**3 - 11*z**2 - 38*z + 15. Give n(-7).
85
Let y(f) = -92*f + 94. Determine y(3).
-182
Let n(p) = 13*p**2 + 55*p + 5. Determine n(-4).
-7
Let b(r) = -54*r - 369. Determine b(-8).
63
Let i(d) = d**2 - 35*d + 79. Give i(33).
13
Let r(q) = 6*q**3 - 11*q**2 + 6*q - 5. Calculate r(2).
11
Let k(d) = -4*d**3 - 475*d**2 + 131*d + 1428. Determine k(-119).
0
Let z(y) = -45*y + 219. What is z(12)?
-321
Let h(p) = 14*p - 356. Determine h(25).
-6
Let r(i) = 4*i**2 + 34*i + 74. Calculate r(-2).
22
Let g(d) = -2*d**3 - 7*d**2 - 20*d - 42. What is g(-3)?
9
Let u(r) = 2*r**2 - 52*r - 1318. Calculate u(-16).
26
Let h(m) = 331*m + 18203. Determine h(-55).
-2
Let r(g) = -g**3 - 20*g**2 + 54*g + 93. Determine r(-22).
-127
Let c(x) = -x**3 - 24*x**2 + 34*x + 168. Give c(-25).
-57
Let h(b) = 5*b**2 - 382*b + 900. Determine h(74).
12
Let h(b) = b**3 - 12*b**2 + 28*b - 13. Calculate h(11).
174
Let y(g) = -224*g + 5822. What is y(26)?
-2
Let h(